, 7, 11
What are the prime factors of 1938?
2, 3, 17, 19
What are the prime factors of 12705?
3, 5, 7, 11
List the prime factors of 84908.
2, 21227
List the prime factors of 14804.
2, 3701
What are the prime factors of 839?
839
List the prime factors of 92655.
3, 5, 29, 71
List the prime factors of 3919.
3919
What are the prime factors of 4942?
2, 7, 353
List the prime factors of 2484.
2, 3, 23
What are the prime factors of 24704?
2, 193
List the prime factors of 2665.
5, 13, 41
What are the prime factors of 744?
2, 3, 31
List the prime factors of 1872.
2, 3, 13
What are the prime factors of 13690?
2, 5, 37
List the prime factors of 37846.
2, 127, 149
List the prime factors of 42360.
2, 3, 5, 353
What are the prime factors of 506?
2, 11, 23
List the prime factors of 1520.
2, 5, 19
What are the prime factors of 25255?
5, 5051
What are the prime factors of 116?
2, 29
What are the prime factors of 455?
5, 7, 13
What are the prime factors of 1058?
2, 23
What are the prime factors of 4149?
3, 461
List the prime factors of 37591.
37591
List the prime factors of 3501.
3, 389
List the prime factors of 3507.
3, 7, 167
What are the prime factors of 5348?
2, 7, 191
List the prime factors of 6289.
19, 331
List the prime factors of 623.
7, 89
List the prime factors of 2474.
2, 1237
List the prime factors of 4948.
2, 1237
What are the prime factors of 993?
3, 331
List the prime factors of 1356.
2, 3, 113
List the prime factors of 526.
2, 263
What are the prime factors of 20214?
2, 3, 1123
What are the prime factors of 56516?
2, 71, 199
What are the prime factors of 13561?
71, 191
List the prime factors of 1212.
2, 3, 101
List the prime factors of 9171.
3, 1019
What are the prime factors of 18766?
2, 11, 853
List the prime factors of 11843.
13, 911
List the prime factors of 66515.
5, 53, 251
List the prime factors of 7868.
2, 7, 281
What are the prime factors of 802?
2, 401
List the prime factors of 1425.
3, 5, 19
What are the prime factors of 13874?
2, 7, 991
What are the prime factors of 12531?
3, 4177
List the prime factors of 3311.
7, 11, 43
What are the prime factors of 1409?
1409
What are the prime factors of 32949?
3, 7, 523
What are the prime factors of 6031?
37, 163
List the prime factors of 60683.
7, 8669
What are the prime factors of 1122?
2, 3, 11, 17
What are the prime factors of 6733?
6733
List the prime factors of 26152.
2, 7, 467
List the prime factors of 11471.
11471
List the prime factors of 668.
2, 167
What are the prime factors of 76133?
19, 4007
List the prime factors of 2355.
3, 5, 157
What are the prime factors of 1957?
19, 103
What are the prime factors of 80402?
2, 7, 5743
List the prime factors of 8234.
2, 23, 179
List the prime factors of 26695.
5, 19, 281
List the prime factors of 923.
13, 71
List the prime factors of 7933.
7933
What are the prime factors of 61895?
5, 12379
List the prime factors of 30956.
2, 71, 109
What are the prime factors of 2549?
2549
List the prime factors of 1874.
2, 937
What are the prime factors of 17678?
2, 8839
What are the prime factors of 316?
2, 79
What are the prime factors of 3949?
11, 359
What are the prime factors of 3524?
2, 881
List the prime factors of 1336.
2, 167
What are the prime factors of 32300?
2, 5, 17, 19
List the prime factors of 1632.
2, 3, 17
What are the prime factors of 1394?
2, 17, 41
List the prime factors of 73493.
7, 10499
List the prime factors of 51050.
2, 5, 1021
What are the prime factors of 782?
2, 17, 23
What are the prime factors of 5404?
2, 7, 193
What are the prime factors of 17655?
3, 5, 11, 107
What are the prime factors of 15039?
3, 557
List the prime factors of 61543.
61543
List the prime factors of 1298.
2, 11, 59
List the prime factors of 1332.
2, 3, 37
What are the prime factors of 32762?
2, 16381
What are the prime factors of 738?
2, 3, 41
What are the prime factors of 1286?
2, 643
List the prime factors of 33567.
3, 67, 167
List the prime factors of 823.
823
What are the prime factors of 61694?
2, 109, 283
List the prime factors of 282.
2, 3, 47
List the prime factors of 210.
2, 3, 5, 7
What are the prime factors of 3157?
7, 11, 41
List the prime factors of 3157.
7, 11, 41
List the prime factors of 11692.
2, 37, 79
List the prime factors of 27986.
2, 7, 1999
What are the prime factors of 1115?
5, 223
What are the prime factors of 5095?
5, 1019
List the prime factors of 4968.
2, 3, 23
What are the prime factors of 47007?
3, 1741
What are the prime factors of 1587?
3, 23
List the prime factors of 33163.
13, 2551
What are the prime factors of 25697?
7, 3671
List the prime factors of 10332.
2, 3, 7, 41
List the prime factors of 645.
3, 5, 43
What are the prime factors of 9833?
9833
What are the prime factors of 3222?
2, 3, 179
What are the prime factors of 4658?
2, 17, 137
List the prime factors of 11646.
2, 3, 647
List the prime factors of 111728.
2, 6983
List the prime factors of 38374.
2, 7, 2741
List the prime factors of 1647.
3, 61
What are the prime factors of 194?
2, 97
List the prime factors of 56096.
2, 1753
List the prime factors of 67122.
2, 3, 11, 113
What are the prime factors of 291?
3, 97
List the prime factors of 684.
2, 3, 19
List the prime factors of 8689.
8689
What are the prime factors of 175022?
2, 87511
What are the prime factors of 1344?
2, 3, 7
What are the prime factors of 1087?
1087
What are the prime factors of 1991?
11, 181
List the prime factors of 1759.
1759
List the prime factors of 593.
593
What are the prime factors of 9367?
17, 19, 29
What are the prime factors of 84359?
11, 7669
What are the prime factors of 103?
103
List the prime factors of 8356.
2, 2089
List the prime factors of 12763.
12763
What are the prime factors of 1477?
7, 211
What are the prime factors of 1028?
2, 257
List the prime factors of 1880.
2, 5, 47
What are the prime factors of 4707?
3, 523
List the prime factors of 1430.
2, 5, 11, 13
What are the prime factors of 73458?
2, 3, 7, 11, 53
List the prime factors of 2184.
2, 3, 7, 13
What are the prime factors of 398?
2, 199
What are the prime factors of 172715?
5, 34543
List the prime factors of 11922.
2, 3, 1987
What are the prime factors of 1456?
2, 7, 13
What are the prime factors of 1131?
3, 13, 29
What are the prime factors of 45017?
7, 59, 109
List the prime factors of 8272.
2, 11, 47
What are the prime factors of 7693?
7, 157
List the prime factors of 1406.
2, 19, 37
List the prime factors of 50928.
2, 3, 1061
What are the prime factors of 12401?
12401
List the prime factors of 3064.
2, 383
List the prime factors of 1615.
5, 17, 19
List the prime factors of 25092.
2, 3, 17, 41
What are the prime factors of 15507?
3, 1723
What are the prime factors of 21665?
5, 7, 619
List the prime factors of 78558.
2, 3, 13093
List the prime factors of 3087.
3, 7
List the prime factors of 123.
3, 41
What are the prime factors of 1767?
3, 19, 31
What are the prime factors of 5434?
2, 11, 13, 19
List the prime factors of 1822.
2, 911
List the prime factors of 2343.
3, 11, 71
What are the prime factors of 4052?
2, 1013
What are the prime factors of 26770?
2, 5, 2677
What are the prime factors of 4698?
2, 3, 29
What are the prime factors of 5586?
2, 3, 7, 19
List the prime factors of 1689.
3, 563
List the prime factors of 51500.
2, 5, 103
What are the prime factors of 30628?
2, 13, 19, 31
List the prime factors of 798.
2, 3, 7, 19
What are the prime factors of 72943?
13, 31, 181
List the prime factors of 4774.
2, 7, 11, 31
What are the prime factors of 19549?
113, 173
List the prime factors of 1097.
1097
What are the prime factors of 101623?
151, 673
What are the prime factors of 74751?
3, 24917
What are the prime factors of 129520?
2, 5, 1619
List the prime factors of 776.
2, 97
List the prime factors of 29482.
2, 14741
List the prime factors of 791.
7, 113
What are the prime factors of 728?
2, 7, 13
List the prime factors of 24757.
19, 1303
What are the prime factors of 76036?
2, 19009
List the prime factors of 226.
2, 113
List the prime factors of 4604.
2, 1151
List the prime factors of 4019.
4019
List the prime factors of 27566.
2, 7, 11, 179
List the prime factors of 687.
3, 229
List the prime factors of 5778.
2, 3, 107
List the prime factors of 3002.
2, 19, 79
What are the prime factors of 48501?
3, 17, 317
Wha